se -m*a - 2*a = -96. Let o be (-30)/(-1)*(-8)/(-180)*9. What is the highest common factor of o and a?
12
Suppose -10*g = 13*g - 7176. What is the greatest common divisor of 117 and g?
39
Let w be 4/10 + 13/(585/162). What is the highest common factor of w and 72?
4
Suppose 1063*t - 1059*t = 3132. What is the highest common factor of 348 and t?
87
Suppose 2*y + w - 95 = 0, -5*y - 2*w + 180 + 60 = 0. Calculate the highest common divisor of 110 and y.
10
Suppose -3*i - 529 + 1009 = 0. What is the greatest common factor of 32 and i?
32
Let j be (-1444)/(-30) + 12/(-90). Calculate the greatest common factor of j and 288.
48
Suppose -26 = -2*d + 34. Let i(o) = o**2 + 8*o + 3. Let a be i(-6). Let y = 14 + a. Calculate the greatest common factor of y and d.
5
Let p be (13/26)/((-2)/(-40)). Let t be ((-56)/p)/((-2)/5). What is the highest common factor of 154 and t?
14
Let l(q) = 3*q**2 - 11*q + 8. Let u be l(4). Suppose 2*w + w = 72. What is the highest common factor of w and u?
12
Suppose 0 = 18*j - 13*j - 520. What is the greatest common factor of 13 and j?
13
Let b = 289 + 5. Calculate the greatest common divisor of b and 30.
6
Suppose -11*j + 12*j - 47 = 0. Let a = j + -46. What is the highest common divisor of a and 7?
1
Let y = 256 + -236. Calculate the greatest common divisor of y and 190.
10
Let k be 24/5*(-50)/15. Let o = 24 + k. Let y = o + 1. What is the greatest common divisor of 3 and y?
3
Let i be (-4)/(-3) + (-520)/(-15). Let l(f) = -f**2 - 5*f + 12. Let k be l(-5). Calculate the greatest common factor of i and k.
12
Let m = -1054 - -1098. Calculate the greatest common divisor of m and 33.
11
Let b be ((-32)/9)/((-26)/234). What is the greatest common factor of b and 3136?
32
Let g(h) = h**3 + h**2 - 6*h - 4. Let k be g(-2). Suppose k*p - 23 = 81. What is the highest common divisor of 130 and p?
26
Suppose 0 = 2*a - 156*l + 159*l - 7, 3*a - 21 = -l. Calculate the highest common factor of a and 7.
1
Suppose -4*t + 2*t = -2*m - 6, 4*t + 2*m - 6 = 0. Let s = 46 + -24. Calculate the greatest common divisor of t and s.
2
Suppose -3*j + 4*n = -43, 8*j - 2*n = 11*j - 37. What is the greatest common divisor of 923 and j?
13
Let u be ((-1 - -1)/1 - -126) + -1. Suppose 0*l + u = 5*z + 4*l, z - 5*l = -4. Let t be (-1)/1 + (-232)/(-1). Calculate the highest common factor of z and t.
21
Let s = -436 - -717. Let c = s + -17. What is the greatest common factor of c and 24?
24
Suppose 3*k = 11 + 46. Suppose -5*x = -2*j - 41, 5*x - k = -j + 13. What is the highest common divisor of x and 49?
7
Let g(o) = -66*o**3 - 3*o**2 - 2*o - 3. Let p be g(-2). What is the greatest common divisor of 47 and p?
47
Suppose 133 = 27*a - 1217. What is the highest common divisor of a and 1350?
50
Let j(t) = t**3 - 5*t**2 + 19*t - 130. Let a be j(6). What is the highest common factor of 2700 and a?
20
Let c(r) be the first derivative of -r**2 - 3*r + 8. Let h be c(-4). Let n(u) = 2*u**2 + 2*u. Let g be n(-5). Calculate the greatest common divisor of h and g.
5
Let v = 177 - -265. Calculate the greatest common factor of 182 and v.
26
Let k(v) be the second derivative of -v**3/3 - 4*v**2 - 9*v. Let j be k(-5). Suppose -j*f = -3*f + 35. Calculate the highest common divisor of f and 5.
5
Let g(t) = -t**3 - 6*t**2 - 51*t - 262. Let c be g(-6). Let l(v) = v**2 - v - 8. Let o be l(6). What is the greatest common factor of o and c?
22
Suppose 99 = 2*u - u + 3*d, 2*d = -4*u + 426. Calculate the highest common factor of u and 12.
12
Suppose 2 = t - 12. Suppose -h - 2 = -t. Suppose 5*z + 768 = 13*z. What is the highest common divisor of h and z?
12
Let n = 113 - 57. Suppose 0 = -2*o - v + 11, -o - 5 = -0*o - 3*v. Suppose -12 - 20 = -o*i. What is the highest common divisor of i and n?
8
Let r(m) = -m**3 + 4*m**2 + 17*m. Let l be r(-4). Let a = -8 - -28. What is the greatest common divisor of a and l?
20
Suppose -5*f = 3*t - 303, 4*t + 4*f = -0*f + 404. Let y be 1/((-6)/82*5/(-15)). Let u = t - y. What is the greatest common factor of u and 15?
15
Suppose 21*k = -13*k + 306. Calculate the greatest common factor of k and 30.
3
Suppose -24*g = m - 19*g - 8, m - 2 = g. What is the greatest common factor of m and 321?
3
Suppose -16*t + 4613 = -3771. Let z be (-1)/10 + t/40. What is the greatest common divisor of z and 26?
13
Suppose -8*i + 10*i - 28 = 0. Suppose 2*t + 3*t = -430. Let g = -44 - t. What is the highest common factor of i and g?
14
Let p(g) = 2*g**3 + 3*g + 68. Let n be p(0). What is the highest common divisor of n and 374?
34
Suppose 0*z + 11*z = 44. Suppose 4 = -2*m + 12. Suppose -2*j - m*c + 38 = 0, -c = z*c - 20. What is the greatest common divisor of 77 and j?
11
Suppose j - 3 - 3 = 0. Let k = j - -32. What is the highest common divisor of 57 and k?
19
Let p = 285 - 274. What is the highest common factor of 11 and p?
11
Suppose -v - 3*v + 36 = 4*q, 0 = 4*v + 8. Suppose 55 = 5*u + 4*t, 2*u = 4*t + t - q. What is the greatest common factor of u and 2?
1
Let c(m) = -2*m**2 - 5*m. Let o be c(6). Let p = o - -250. What is the greatest common divisor of p and 37?
37
Let a = 199 + -192. Calculate the greatest common divisor of 1064 and a.
7
Let o(q) = -4*q. Let n(c) = 29*c + 6. Let l(s) = -4*n(s) - 28*o(s). Let d be l(-9). What is the highest common factor of 12 and d?
12
Suppose -18*n - 216 = -1116. Calculate the highest common factor of 320 and n.
10
Let l = -26 + 71. Suppose -3*n - 5*a = -27, 4*n - 2*a - l - 17 = 0. Let r be (-6)/(-8) + 159/12. Calculate the highest common factor of n and r.
14
Let s = 14 + 15. Let j = -23 + s. Let h be 4/(-10) + 17/5. What is the greatest common factor of h and j?
3
Let d(l) = -l**2 + 9*l + 1. Let p be d(8). Let h = 2 - 0. Suppose -p = -h*o + o. Calculate the greatest common divisor of 6 and o.
3
Suppose -12 = 3*s - 81. Let y = s + -22. What is the greatest common divisor of y and 9?
1
Let i be (44/(-10))/((-1)/30). Suppose -608*v + 609*v = 12. Calculate the highest common factor of i and v.
12
Suppose -94 = -4*k - 34. Calculate the greatest common factor of k and 45.
15
Suppose 2*m + 0*d - 4*d - 38 = 0, 4*m - 4*d = 68. Let z(p) = 6*p + 2. Let f be z(2). Let r be 208/f - 6/(-42). Calculate the highest common divisor of m and r.
15
Suppose q = -3*q + 16. Let g(x) = x - 15. Let d be g(18). Suppose 3*h = -2*a + 110, -d*a + 2*a = -1. Calculate the greatest common factor of h and q.
4
Suppose 15 - 3 = 4*t. Suppose -4*o + o = -15. Suppose 0*h = -o*h + 15. Calculate the highest common factor of t and h.
3
Let w be 6/(4/6*3). Suppose -a - r + 3 = 0, -a + w*r - r = -6. Suppose 5*j - 4 + 22 = h, 0 = -4*h - a*j + 24. Calculate the highest common divisor of 16 and h.
8
Suppose -2*t + 3*t - f = 29, -4*f - 4 = 0. Let l = 33 - t. Calculate the highest common factor of l and 45.
5
Let s(c) = 2*c**2 + 13*c - 10. Let a be s(-7). Let n be 36 + 2 + a + -4. What is the highest common divisor of 155 and n?
31
Let v(f) = -86*f + 432. Let z be v(5). What is the greatest common factor of z and 67?
1
Suppose -34*h + 32*h = 0. Suppose -5*r + 11 + 19 = h. What is the greatest common factor of r and 6?
6
Let m(l) = 48*l + 155. Let h be m(8). What is the highest common divisor of 33 and h?
11
Suppose 0 = -3*h + 5*h - 6. Suppose 5*f - 644 = h*j, -j = -5*f + 599 + 49. What is the highest common factor of f and 26?
26
Let o = -2384 + 2674. What is the greatest common factor of 203 and o?
29
Let k be 2616/15 + (-14)/35. Let c = -49 + k. Calculate the greatest common factor of 25 and c.
25
Let p(q) be the first derivative of -q**4/4 + 5*q**3/3 - 2*q**2 - q + 2. Let a be p(3). Suppose a*v - 292 = 28. Calculate the highest common divisor of v and 8.
8
Suppose -30 = 2*t - 7*t. Let h(c) = t + 5 - 2*c - 3 - c. Let v be h(-4). What is the highest common divisor of 8 and v?
4
Let m = -92 + 42. Let b = m - -106. Let x = -3734 - -3741. Calculate the highest common divisor of x and b.
7
Let y = 2 + -11. Let q(f) = f + 19. Let x be q(y). Calculate the highest common factor of x and 10.
10
Let i = 26 + -2. Suppose 0 = -3*p + i - 6. Calculate the greatest common factor of 24 and p.
6
Let x(i) = -i**3 + 14*i**2 - 31*i - 12. Let w be x(11). What is the greatest common factor of w and 160?
10
Let m = -40 - -42. Suppose -m*g + 7 - 3 = 0. Calculate the greatest common factor of 1 and g.
1